{"id":368,"date":"2015-11-29T03:42:17","date_gmt":"2015-11-29T03:42:17","guid":{"rendered":"http:\/\/www.raztro.com.br\/?page_id=368"},"modified":"2015-12-05T03:15:16","modified_gmt":"2015-12-05T03:15:16","slug":"faq-perguntas-e-respostas","status":"publish","type":"page","link":"https:\/\/www.raztro.com.br\/?page_id=368","title":{"rendered":"Faq- Perguntas e Respostas"},"content":{"rendered":"<div class=\"vc_row wpb_row wf-container flash animate-element\" style=\"margin-top: 0px;margin-bottom: 0px\"><div class=\"wpb_column vc_column_container vc_col-sm-12\"><div class=\"wpb_wrapper\">\r\n\t<div class=\"wpb_text_column wpb_content_element \">\r\n\t\t<div class=\"wpb_wrapper\">\r\n\t\t\t<p><b>Como esta o Mercado de Rastreamento no Brasil? <\/b><\/p>\n<p>Do total de 1,94 milh\u00e3o de dispositivos instalados.Em 2012, o mercado Brasileiro movimentou R$ 1,5 bilh\u00e3o e atingiu a marca de 1,94 milh\u00e3o de dispositivos em opera\u00e7\u00e3o na frota nacional. Os dados s\u00e3o do mais recente estudo da IDC.<\/p>\n<p>Entre 2013 e 2017, a IDC projeta um crescimento de 14% nas vendas e um incremento nas receitas de 11,6% ao ano.<\/p>\n<p>&nbsp;<\/p>\n<p><b>Como posso montar minha Central de Rastreamento?<\/b><\/p>\n<p>Nosso sistema trabalha em nuvem, voc\u00ea pode utilizar de qualquer lugar (Notebook, Tablet, Celular e outros) , bastando somente ter um navegador(Exemplo:Google Chrome ) e acesso a internet.<\/p>\n<p>&nbsp;<\/p>\n<p><b>Qual o custo mensal com a RAZTRO?<\/b><\/p>\n<p>Custo depende da plataforma e recursos desejados, sendo cobrado apenas por quantidade de ve\u00edculos \/ monitorados contratados. Solicite uma proposta!<\/p>\n<p>&nbsp;<\/p>\n<p><b>Quanto posso cobrar pelo rastreamento em minha cidade ou Estado?<\/b><\/p>\n<p>O rastreamento b\u00e1sico (onde o pr\u00f3prio cliente monitora), custa em m\u00e9dia de R$50,00 a R$99,00 dependendo muito de sua cidade ou estado.<\/p>\n<p>&nbsp;<\/p>\n<p><b>Como funciona o rastreador?<\/b><\/p>\n<p>Rastreador \u00e9 um equipamento eletr\u00f4nico instalado no ve\u00edculo a qual serve como meio de comunica\u00e7\u00e3o entre o sistema de rastreamento e o ve\u00edculo , podendo enviar e receber informa\u00e7\u00e3o , alem de enviar as informa\u00e7\u00e3o de localidade do ve\u00edculo para o sistema.<br \/>\nNessa tecnologia \u00e9 utilizada sinal GSM(GPRS) para transmiss\u00e3o e recep\u00e7\u00e3o de dados (podendo utilizar o meio de comunica\u00e7\u00e3o satelital) e a solicita\u00e7\u00e3o de posi\u00e7\u00e3o do ve\u00edculo atrav\u00e9s de sat\u00e9lites com tecnologia chamada GPS.<\/p>\n<p>&nbsp;<\/p>\n<p><b>Preciso instalar servidores para funcionamento do sistema?<\/b><\/p>\n<p>N\u00e3o , como nosso sistema trabalha em nuvem, voc\u00ea utilizar de qualquer lugar , bastando somente ter um navegador(Exemplo:Google Chrome ) e acesso a internet , deixando toda a parte de tecnologia e servidores por conta da equipe da RAZTRO.<\/p>\n<p>&nbsp;<\/p>\n<p><b>Qual tipo de internet precisa para funcionamento do sistema da RAZTRO?<\/b><\/p>\n<p>Para utilizar o sistema \u00e9 necess\u00e1rio qualquer internet Banda Lagar com conex\u00e3o igual ou superior a 300 kbps.<\/p>\n<p>&nbsp;<\/p>\n<p><b>Quais navegadores o RAZTRO Funciona ?<\/b><\/p>\n<p>A RAZTRO foi desenvolvida em uma alta tecnologia, por esse motivo ele trabalha com os principais navegadores do mercado, porem indicamos a utiliza\u00e7\u00e3o do Google Chrome devido melhor performance com mapa da Google.<\/p>\n<p>&nbsp;<\/p>\n<p><b>Qual mapa utilizado no sistema?<\/b><\/p>\n<p>Utilizamos o Google Maps.<\/p>\n<p>&nbsp;<\/p>\n<p><b>O sistema RAZTRO \u00e9 vendido?<\/b><\/p>\n<p>O RAZTRO n\u00e3o \u00e9 vendido, ele \u00e9 disponibilizado como parte do servi\u00e7o prestado pela empresa RAZTRO.<\/p>\n<p>&nbsp;<\/p>\n<p><b>Quais tipos de informa\u00e7\u00e3o s\u00e3o poss\u00edveis obter com rastreador?<\/b><\/p>\n<p>Existem v\u00e1rias informa\u00e7\u00e3o que \u00e9 poss\u00edvel obter, porem segue abaixo as principais informa\u00e7\u00f5es:<\/p>\n<p>Coordenadas(Latitude , Longitude), endere\u00e7o atual , velocidade, Horimetro, Hodometro, Tens\u00e3o da Bateria do ve\u00edculo, status dos sensores e atuadores, status da igni\u00e7\u00e3o do ve\u00edculo, RPM entre outros.<\/p>\n<p>&nbsp;<\/p>\n<p><b>Quais rastreadores a RAZTRO funcionam?<\/b><\/p>\n<p>Hoje o sistema est\u00e1 homologado para funcionar todos os rastreadores da Suntech e Maxtrack(linha MXT), Coban, porem estamos desenvolvendo a comunica\u00e7\u00e3o com outros fabricantes.<\/p>\n<p>&nbsp;<\/p>\n<p><b>Quais os servi\u00e7os prestados ao contratar RAZTRO?<\/b><\/p>\n<p>Treinamento de Utiliza\u00e7\u00e3o do RAZTRO.<\/p>\n<p>Treinamento de configura\u00e7\u00e3o e instala\u00e7\u00e3o do rastreador.<\/p>\n<p>Suporte no sistema e equipamentos de rastreamento.<\/p>\n<p>Disponibiliza\u00e7\u00e3o de modelo de documenta\u00e7\u00e3o necess\u00e1ria.<\/p>\n<p>Disponibiliza\u00e7\u00e3o do software RAZTRO atrav\u00e9s de nossos data Center.<\/p>\n<p>&nbsp;<\/p>\n<p><b>Esse sistema funciona como franquia?<\/b><\/p>\n<p>Apesar o site ser franquia de rastreamento, isso n\u00e3o \u00e9 uma franquia , pois todos clientes podem utilizar a pr\u00f3pria marca e moldar seus pr\u00f3prios pre\u00e7os de acordo com a regi\u00e3o.<\/p>\n<p>&nbsp;<\/p>\n<p><b>Como fa\u00e7o para obter suporte?<\/b><\/p>\n<p>Ap\u00f3s a aquisi\u00e7\u00e3o de nosso servi\u00e7o e assinatura do contrato \u00e9 disponibilizado os telefones de contato para suporte, telefone de plant\u00e3o em caso de emerg\u00eancia, alem de acesso atrav\u00e9s de senha em nosso sistema de chamados<\/p>\n<p>Como fa\u00e7o para contratar o servi\u00e7o relacionado ao RAZTRO.<\/p>\n<p>Basta entrar em contato com nosso setor comercial atrav\u00e9s do atendimento on-line ou Fale Conosco e solicitar um or\u00e7amento , ap\u00f3s a aprova\u00e7\u00e3o e pagamento \u00e9 enviado o contrato de presta\u00e7\u00e3o de servi\u00e7o, ap\u00f3s a assinatura do contrato o sistema estar\u00e1 dispon\u00edvel em at\u00e9 48h.<\/p>\n<p>&nbsp;<\/p>\n<p><b>Como alterar a senha?<\/b><\/p>\n<p>Para alterar a senha basta acessar o sistema e s\u00f3 clicar no nome de seu usu\u00e1rio, ir\u00e1 abrir uma tela para troca de senha.<\/p>\n<p>&nbsp;<\/p>\n<p><b>Como alterar dados pessoais?<\/b><\/p>\n<p>Para alterar os dados dever\u00e1 entrar em contato atrav\u00e9s de nosso setor financeiro.<\/p>\n\r\n\t\t<\/div>\r\n\t<\/div>\r\n<\/div><\/div><\/div>\n","protected":false},"excerpt":{"rendered":"Como esta o Mercado de Rastreamento no Brasil? Do total de 1,94 milh\u00e3o de dispositivos instalados.Em 2012, o mercado Brasileiro movimentou R$ 1,5 bilh\u00e3o e atingiu a marca de 1,94 milh\u00e3o de dispositivos em opera\u00e7\u00e3o na frota nacional. Os dados s\u00e3o do mais recente estudo da IDC. Entre 2013 e 2017, a IDC projeta um&hellip;","protected":false},"author":2,"featured_media":0,"parent":0,"menu_order":0,"comment_status":"closed","ping_status":"closed","template":"","meta":{"footnotes":""},"class_list":["post-368","page","type-page","status-publish","hentry","description-off"],"_links":{"self":[{"href":"https:\/\/www.raztro.com.br\/index.php?rest_route=\/wp\/v2\/pages\/368","targetHints":{"allow":["GET"]}}],"collection":[{"href":"https:\/\/www.raztro.com.br\/index.php?rest_route=\/wp\/v2\/pages"}],"about":[{"href":"https:\/\/www.raztro.com.br\/index.php?rest_route=\/wp\/v2\/types\/page"}],"author":[{"embeddable":true,"href":"https:\/\/www.raztro.com.br\/index.php?rest_route=\/wp\/v2\/users\/2"}],"replies":[{"embeddable":true,"href":"https:\/\/www.raztro.com.br\/index.php?rest_route=%2Fwp%2Fv2%2Fcomments&post=368"}],"version-history":[{"count":4,"href":"https:\/\/www.raztro.com.br\/index.php?rest_route=\/wp\/v2\/pages\/368\/revisions"}],"predecessor-version":[{"id":444,"href":"https:\/\/www.raztro.com.br\/index.php?rest_route=\/wp\/v2\/pages\/368\/revisions\/444"}],"wp:attachment":[{"href":"https:\/\/www.raztro.com.br\/index.php?rest_route=%2Fwp%2Fv2%2Fmedia&parent=368"}],"curies":[{"name":"wp","href":"https:\/\/api.w.org\/{rel}","templated":true}]}}