{"id":76,"date":"2015-11-14T01:33:17","date_gmt":"2015-11-14T01:33:17","guid":{"rendered":"http:\/\/www.raztro.com.br\/?page_id=76"},"modified":"2015-12-05T03:47:11","modified_gmt":"2015-12-05T03:47:11","slug":"funcionalidades","status":"publish","type":"page","link":"https:\/\/www.raztro.com.br\/?page_id=76","title":{"rendered":"SOLU\u00c7\u00d5ES"},"content":{"rendered":"<div class=\"stripe stripe-style-1 stripe-transparent-bg\" data-anchor=\"#contact\" id=\"contact\" style=\"background-position: top;background-repeat: repeat;background-attachment: scroll;background-size: auto;padding-top: 0px;padding-bottom: 20px;margin-top: 0px;margin-bottom: -41px\"><div class=\"vc_row wpb_row wf-container\" style=\"\"><div class=\"wpb_column vc_column_container vc_col-sm-12 bounceInLeft animate-element\"><div class=\"wpb_wrapper\">\r\n\t<div class=\"wpb_text_column wpb_content_element \">\r\n\t\t<div class=\"wpb_wrapper\">\r\n\t\t\t<h1 class=\"col-sm-12 text-center\">Proteja sua Fam\u00edlia e seu Patrim\u00f4nio!<\/h1>\n<p class=\"lead col-xs-12 text-center\">Apesar de ainda parecer privil\u00e9gio de filmes de a\u00e7\u00e3o, <strong>qualquer pessoa pode realizar o rastreamento<\/strong> de ve\u00edculos, pessoas e objetos de valor, <strong>utilizando um simples celular smartphone ou rastreadores dedicados<\/strong> como os do tipo TK102, TK103, TLT ou similares.<\/p>\n\r\n\t\t<\/div>\r\n\t<\/div>\r\n<\/div><\/div><\/div><\/div><div class=\"stripe stripe-style-1 stripe-transparent-bg\" data-anchor=\"#contact\" id=\"contact\" style=\"background-position: top;background-repeat: repeat;background-attachment: scroll;background-size: auto;padding-top: 0px;padding-bottom: 20px;margin-top: 0px;margin-bottom: -41px\"><div class=\"vc_row wpb_row wf-container\" style=\"\"><div class=\"wpb_column vc_column_container vc_col-sm-12 bounceInLeft animate-element\"><div class=\"wpb_wrapper\"><div class=\"gap\" style=\"line-height: 50px; height: 50px;\"><\/div>\r\n\t<div class=\"wpb_text_column wpb_content_element \">\r\n\t\t<div class=\"wpb_wrapper\">\r\n\t\t\t<p><img loading=\"lazy\" decoding=\"async\" class=\"aligncenter size-full wp-image-458\" src=\"http:\/\/www.raztro.com.br\/wp-content\/uploads\/2015\/11\/conceito.png\" alt=\"conceito\" width=\"940\" height=\"200\" srcset=\"https:\/\/www.raztro.com.br\/wp-content\/uploads\/2015\/11\/conceito.png 940w, https:\/\/www.raztro.com.br\/wp-content\/uploads\/2015\/11\/conceito-300x64.png 300w\" sizes=\"auto, (max-width: 940px) 100vw, 940px\" \/>Estes dispositivos s\u00e3o colocados <strong>junto aos objetos de interesse<\/strong> e, atrav\u00e9s de GPS, ficam <strong>coletando informa\u00e7\u00f5es de localiza\u00e7\u00e3o<\/strong> que, utilizando a rede de telefonia, s\u00e3o encaminhadas a um servidor central e\/ou dispositivo monitor, como um aparelho de celular ou tablet.<\/p>\n\r\n\t\t<\/div>\r\n\t<\/div>\r\n<div class=\"gap\" style=\"line-height: 50px; height: 50px;\"><\/div><div class=\"vc_row wpb_row vc_inner wf-container\"><div class=\"wpb_column vc_column_container vc_col-sm-4\"><div class=\"wpb_wrapper\">\r\n\t<div class=\"wpb_text_column wpb_content_element \">\r\n\t\t<div class=\"wpb_wrapper\">\r\n\t\t\t<p><img loading=\"lazy\" decoding=\"async\" class=\"alignnone wp-image-454 size-full\" src=\"http:\/\/www.raztro.com.br\/wp-content\/uploads\/2015\/11\/pessoas.png\" alt=\"\" width=\"300\" height=\"200\" \/><\/p>\n<h3>Pessoas<\/h3>\n<p class=\"lead\">Saiba se seus filhos foram e voltaram com seguran\u00e7a para a escola ou balada.<\/p>\n<p class=\"\">Al\u00e9m dos rastreadores dedicados port\u00e1teis, tamb\u00e9m \u00e9 poss\u00edvel utilizar um celular como rastreador. Bastando instalar, em um smartphone com recursos GPS, um aplicativo que consulte a localiza\u00e7\u00e3o do celular sempre que necess\u00e1rio.<\/p>\n\r\n\t\t<\/div>\r\n\t<\/div>\r\n<\/div><\/div><div class=\"wpb_column vc_column_container vc_col-sm-4\"><div class=\"wpb_wrapper\">\r\n\t<div class=\"wpb_text_column wpb_content_element \">\r\n\t\t<div class=\"wpb_wrapper\">\r\n\t\t\t<p><img loading=\"lazy\" decoding=\"async\" class=\"alignnone wp-image-455 size-full\" src=\"http:\/\/www.raztro.com.br\/wp-content\/uploads\/2015\/11\/objetos.png\" alt=\"\" width=\"300\" height=\"200\" \/><\/p>\n<h3>Objetos<\/h3>\n<p class=\"lead\">Monitore um objeto de valor para recuperar em caso de roubo ou extravio.<\/p>\n<p class=\"\">Alguns modelos de rastreadores dedicados s\u00e3o baratos e port\u00e1teis, podendo ser acoplados a objetos diversos, como instrumentos musicais, equipamentos e bagagens. Uma bateria interna permite sua utiliza\u00e7\u00e3o sem uma fonte de energia.<\/p>\n\r\n\t\t<\/div>\r\n\t<\/div>\r\n<\/div><\/div><div class=\"wpb_column vc_column_container vc_col-sm-4\"><div class=\"wpb_wrapper\">\r\n\t<div class=\"wpb_text_column wpb_content_element \">\r\n\t\t<div class=\"wpb_wrapper\">\r\n\t\t\t<p><img loading=\"lazy\" decoding=\"async\" class=\"alignnone size-full wp-image-456\" src=\"http:\/\/www.raztro.com.br\/wp-content\/uploads\/2015\/11\/veiculos.png\" alt=\"veiculos\" width=\"300\" height=\"200\" \/><\/p>\n<h3>Ve\u00edculos<\/h3>\n<p class=\"lead\">Recupere seu ve\u00edculo roubado descobrindo o local em que ele est\u00e1.<\/p>\n<p class=\"\">O rastreador \u00e9 instalado diretamente no ve\u00edculo, seja ele um carro, uma moto, um barco ou um caminh\u00e3o, fornecendo informa\u00e7\u00f5es sobre sua localiza\u00e7\u00e3o. Alguns rastreadores at\u00e9 permitem desligar o ve\u00edculo e saber se ele est\u00e1 ligado.<\/p>\n\r\n\t\t<\/div>\r\n\t<\/div>\r\n<\/div><\/div><\/div><\/div><\/div><\/div><\/div>\n","protected":false},"excerpt":{"rendered":"Proteja sua Fam\u00edlia e seu Patrim\u00f4nio! Apesar de ainda parecer privil\u00e9gio de filmes de a\u00e7\u00e3o, qualquer pessoa pode realizar o rastreamento de ve\u00edculos, pessoas e objetos de valor, utilizando um simples celular smartphone ou rastreadores dedicados como os do tipo TK102, TK103, TLT ou similares. Estes dispositivos s\u00e3o colocados junto aos objetos de interesse e,&hellip;","protected":false},"author":1,"featured_media":0,"parent":0,"menu_order":0,"comment_status":"closed","ping_status":"closed","template":"","meta":{"footnotes":""},"class_list":["post-76","page","type-page","status-publish","hentry","description-off"],"_links":{"self":[{"href":"https:\/\/www.raztro.com.br\/index.php?rest_route=\/wp\/v2\/pages\/76","targetHints":{"allow":["GET"]}}],"collection":[{"href":"https:\/\/www.raztro.com.br\/index.php?rest_route=\/wp\/v2\/pages"}],"about":[{"href":"https:\/\/www.raztro.com.br\/index.php?rest_route=\/wp\/v2\/types\/page"}],"author":[{"embeddable":true,"href":"https:\/\/www.raztro.com.br\/index.php?rest_route=\/wp\/v2\/users\/1"}],"replies":[{"embeddable":true,"href":"https:\/\/www.raztro.com.br\/index.php?rest_route=%2Fwp%2Fv2%2Fcomments&post=76"}],"version-history":[{"count":11,"href":"https:\/\/www.raztro.com.br\/index.php?rest_route=\/wp\/v2\/pages\/76\/revisions"}],"predecessor-version":[{"id":459,"href":"https:\/\/www.raztro.com.br\/index.php?rest_route=\/wp\/v2\/pages\/76\/revisions\/459"}],"wp:attachment":[{"href":"https:\/\/www.raztro.com.br\/index.php?rest_route=%2Fwp%2Fv2%2Fmedia&parent=76"}],"curies":[{"name":"wp","href":"https:\/\/api.w.org\/{rel}","templated":true}]}}